{"id":8957,"date":"2017-03-09T13:33:33","date_gmt":"2017-03-09T13:33:33","guid":{"rendered":"http:\/\/baker.edge-themes.com\/?page_id=8957"},"modified":"2021-12-16T16:07:54","modified_gmt":"2021-12-16T09:07:54","slug":"cam_nang_yen","status":"publish","type":"page","link":"https:\/\/yensaosongkieu.com\/index.php\/cam_nang_yen\/","title":{"rendered":"C\u00c1C LO\u1ea0I T\u1ed4 Y\u1ebeN"},"content":{"rendered":"<p>[vc_row row_content_width=&#8221;grid&#8221;][vc_column]<div class=\"edgtf-elements-holder edgtf-two-columns edgtf-responsive-mode-1024\" ><div class=\"edgtf-eh-item \"  data-item-class=\"edgtf-eh-custom-244867\" data-1024-1280=\"161px 0% 0 16%\" data-768-1024=\"93px 0% 0px 0%\" data-480-600=\"95px 0% 0 0%\" data-480=\"95px 0% 0 0%\">\n\t<div class=\"edgtf-eh-item-inner\">\n\t\t<div class=\"edgtf-eh-item-content edgtf-eh-custom-244867\" style=\"padding: 119px 0% 0 16%\">\n\t\t\t[vc_single_image image=&#8221;11497&#8243; img_size=&#8221;full&#8221;]\t\t<\/div>\n\t<\/div>\n<\/div><div class=\"edgtf-eh-item \"  data-item-class=\"edgtf-eh-custom-685230\" data-1280-1600=\"100px 13% 0 0%\" data-1024-1280=\"139px 10% 0 0%\" data-768-1024=\"80px 19% 0 0%\" data-600-768=\"80px 10% 0 0%\" data-480-600=\"123px 0% 18px 0%\" data-480=\"123px 0% 18px 0%\">\n\t<div class=\"edgtf-eh-item-inner\">\n\t\t<div class=\"edgtf-eh-item-content edgtf-eh-custom-685230\" style=\"padding: 93px 4% 0 0%\">\n\t\t\t<div class=\"edgtf-section-title-holder\" >\n\t\t\t\t\t\t<h2 class=\"edgtf-section-before-title\" style=\"font-size: 70px\">Song Kieu<\/h2>\n\t\t\t\t<h3 class=\"edgtf-st-title\" style=\"font-size: 40px;color: #303030;font-weight: 600;letter-spacing: 4px\">\n\t\t\t<span>T\u1ed4 Y\u1ebeN HUY\u1ebeT<\/span>\n\t\t<\/h3>\n\t\t\t\t<p class=\"edgtf-st-text\" style=\"color: #666666;font-size: 14px;line-height: 27px;font-weight: 300\">T\u1ed5 Y\u1ebfn Huy\u1ebft (hay c\u00f2n g\u1ecdi l\u00e0 huy\u1ebft y\u1ebfn) l\u00e0 lo\u1ea1i t\u1ed5 y\u1ebfn c\u00f3 m\u00e0u \u0111\u1ecf t\u01b0\u01a1i ho\u1eb7c \u0111\u1ecf th\u1ea9m. Huy\u1ebft y\u1ebfn c\u00f3 m\u00e0u \u0111\u1ecf l\u00e0 do s\u1ef1 t\u01b0\u01a1ng t\u00e1c gi\u1eefa n\u01b0\u1edbc b\u1ecdt c\u1ee7a chim y\u1ebfn v\u1edbi c\u00e1c kho\u00e1ng ch\u1ea5t t\u1ef1 nhi\u00ean nh\u01b0 s\u1eaft, canxi, magie\u2026 tr\u00ean v\u00e1ch \u0111\u00e1 hang \u0111\u1ed9ng. Y\u1ebfn huy\u1ebft th\u01b0\u1eddng c\u00f3 gi\u00e1 th\u00e0nh cao h\u01a1n c\u00e1c lo\u1ea1i t\u1ed5 y\u1ebfn kh\u00e1c do s\u1ef1 khan hi\u1ebfm v\u00e0 gi\u00e1 tr\u1ecb dinh d\u01b0\u1ee1ng mang l\u1ea1i.<\/p>\n\t<\/div>[vc_empty_space height=&#8221;43px&#8221;]<a itemprop=\"url\" href=\"http:\/\/yensaosongkieuphuyen.vn\/index.php\/portfolio-item\/baking-tools\/\" target=\"_blank\" style=\"color: #333333;background-color: #ffffff;border-color: #cccccc\" class=\"edgtf-btn edgtf-btn-medium edgtf-btn-solid\"  >\n    <span class=\"edgtf-btn-text\">Xem th\u00eam<\/span>\n    <\/a>\t\t<\/div>\n\t<\/div>\n<\/div><\/div>[\/vc_column][\/vc_row][vc_row row_content_width=&#8221;grid&#8221;][vc_column]<div class=\"edgtf-elements-holder edgtf-two-columns edgtf-responsive-mode-1024\" ><div class=\"edgtf-eh-item edgtf-horizontal-alignment-right\"  data-item-class=\"edgtf-eh-custom-984264\" data-1280-1600=\"92px 10% 0 9%\" data-1024-1280=\"103px 6% 0 6%\" data-768-1024=\"111px 0% 0 20%\" data-600-768=\"111px 0% 0 10%\" data-480-600=\"123px 0% 0 0%\" data-480=\"123px 0% 0 0%\">\n\t<div class=\"edgtf-eh-item-inner\">\n\t\t<div class=\"edgtf-eh-item-content edgtf-eh-custom-984264\" style=\"padding: 69px 6% 0 0%\">\n\t\t\t<div class=\"edgtf-section-title-holder\" style=\"text-align: right\">\n\t\t\t\t\t\t<h2 class=\"edgtf-section-before-title\" style=\"font-size: 70px\">Song Kieu<\/h2>\n\t\t\t\t<h3 class=\"edgtf-st-title\" style=\"font-size: 40px;color: #303030;font-weight: 600;letter-spacing: 4px\">\n\t\t\t<span>T\u1ed4 Y\u1ebeN H\u1ed2NG<\/span>\n\t\t<\/h3>\n\t\t\t\t<p class=\"edgtf-st-text\" style=\"color: #666666;font-size: 14px;line-height: 27px;font-weight: 300\">T\u1ed5 Y\u1ebfn H\u1ed3ng (hay c\u00f2n g\u1ecdi l\u00e0 h\u1ed3ng y\u1ebfn) l\u00e0 t\u1ed5 y\u1ebfn c\u00f3 m\u00e0u h\u1ed3ng nh\u1ea1t, c\u00f3 khi h\u01a1i cam nh\u01b0ng m\u00e0u s\u1eafc c\u00f3 th\u1ec3 thay \u0111\u1ed5i t\u1eeb m\u00e0u v\u1ecf qu\u00fdt \u0111\u1ebfn m\u00e0u v\u00e0ng l\u00f2ng tr\u1ee9ng. S\u1ed1 l\u01b0\u1ee3ng h\u1ed3ng y\u1ebfn kh\u00e1 \u00edt, ch\u1ec9 chi\u1ebfm kho\u1ea3ng h\u01a1n 10% t\u1ed5ng s\u1ea3n l\u01b0\u1ee3ng khai th\u00e1c.<\/p>\n\t<\/div>[vc_empty_space height=&#8221;43px&#8221;]<a itemprop=\"url\" href=\"#\" target=\"_blank\" style=\"color: #333333;background-color: #ffffff;border-color: #cccccc\" class=\"edgtf-btn edgtf-btn-medium edgtf-btn-solid\"  >\n    <span class=\"edgtf-btn-text\">XEM TH\u00caM<\/span>\n    <\/a>\t\t<\/div>\n\t<\/div>\n<\/div><div class=\"edgtf-eh-item \" style=\"background-image: url()\" data-item-class=\"edgtf-eh-custom-506153\" data-1280-1600=\"80px 0% 0 8%\" data-1024-1280=\"111px 0% 0 6%\" data-768-1024=\"125px 0% 0 46%\" data-600-768=\"125px 0% 0 33%\" data-480-600=\"127px 0% 0 0%\" data-480=\"127px 0% 0 0%\">\n\t<div class=\"edgtf-eh-item-inner\">\n\t\t<div class=\"edgtf-eh-item-content edgtf-eh-custom-506153\" style=\"padding: 61px 0% 0 8%\">\n\t\t\t[vc_single_image image=&#8221;11499&#8243; img_size=&#8221;full&#8221;]\t\t<\/div>\n\t<\/div>\n<\/div><\/div>[\/vc_column][\/vc_row][vc_row row_content_width=&#8221;grid&#8221;][vc_column]<div class=\"edgtf-elements-holder edgtf-two-columns edgtf-responsive-mode-1024\" ><div class=\"edgtf-eh-item \" style=\"background-image: url()\" data-item-class=\"edgtf-eh-custom-849278\" data-1024-1280=\"143px 0% 163px 17%\" data-768-1024=\"113px 0% 26px 0%\" data-480-600=\"122px 0% 25px 0%\" data-480=\"122px 0% 25px 0%\">\n\t<div class=\"edgtf-eh-item-inner\">\n\t\t<div class=\"edgtf-eh-item-content edgtf-eh-custom-849278\" style=\"padding: 99px 0% 120px 19%\">\n\t\t\t[vc_single_image image=&#8221;11498&#8243; img_size=&#8221;full&#8221;]\t\t<\/div>\n\t<\/div>\n<\/div><div class=\"edgtf-eh-item \"  data-item-class=\"edgtf-eh-custom-358214\" data-1280-1600=\"0px 13% 0 0%\" data-1024-1280=\"0px 8% 7px 4%\" data-768-1024=\"89px 19% 139px 0%\" data-600-768=\"87px 6% 139px 0%\" data-480-600=\"118px 0% 140px 0%\" data-480=\"118px 0% 140px 0%\">\n\t<div class=\"edgtf-eh-item-inner\">\n\t\t<div class=\"edgtf-eh-item-content edgtf-eh-custom-358214\" style=\"padding: 0px 14% 12px 0%\">\n\t\t\t<div class=\"edgtf-section-title-holder\" >\n\t\t\t\t\t\t<h2 class=\"edgtf-section-before-title\" style=\"font-size: 70px\">Song Kieu<\/h2>\n\t\t\t\t<h3 class=\"edgtf-st-title\" style=\"font-size: 40px;color: #303030;font-weight: 600;letter-spacing: 4px\">\n\t\t\t<span>T\u1ed4 Y\u1ebeN TR\u1eaeNG<\/span>\n\t\t<\/h3>\n\t\t\t\t<p class=\"edgtf-st-text\" style=\"color: #666666;font-size: 14px;line-height: 27px;font-weight: 300\">T\u1ed5 Y\u1ebfn Tr\u1eafng (hay c\u00f2n g\u1ecdi l\u00e0 b\u1ea1ch y\u1ebfn) l\u00e0 t\u1ed5 y\u1ebfn c\u00f3 m\u00e0u ng\u00e0, c\u00f3 khi h\u01a1i v\u00e0ng ho\u1eb7c x\u00e1m. L\u00e0 lo\u1ea1i t\u1ed5 y\u1ebfn th\u00f4ng d\u1ee5ng nh\u1ea5t tr\u00ean th\u1ecb tr\u01b0\u1eddng v\u00ec s\u1ea3n l\u01b0\u1ee3ng nhi\u1ec1u h\u01a1n v\u00e0 gi\u00e1 th\u00e0nh c\u0169ng th\u1ea5p h\u01a1n so v\u1edbi Y\u1ebfn h\u1ed3ng, Y\u1ebfn huy\u1ebft.<\/p>\n\t<\/div>[vc_empty_space height=&#8221;43px&#8221;]<a itemprop=\"url\" href=\"#\" target=\"_blank\" style=\"color: #333333;background-color: #ffffff;border-color: #cccccc\" class=\"edgtf-btn edgtf-btn-medium edgtf-btn-solid\"  >\n    <span class=\"edgtf-btn-text\">Read more<\/span>\n    <\/a>\t\t<\/div>\n\t<\/div>\n<\/div><\/div>[\/vc_column][\/vc_row][vc_row row_content_width=&#8221;grid&#8221;][vc_column]<div class=\"edgtf-elements-holder edgtf-two-columns edgtf-responsive-mode-1024\" ><div class=\"edgtf-eh-item edgtf-horizontal-alignment-right\"  data-item-class=\"edgtf-eh-custom-729108\" data-1280-1600=\"92px 10% 0 9%\" data-1024-1280=\"103px 6% 0 6%\" data-768-1024=\"111px 0% 0 20%\" data-600-768=\"111px 0% 0 10%\" data-480-600=\"123px 0% 0 0%\" data-480=\"123px 0% 0 0%\">\n\t<div class=\"edgtf-eh-item-inner\">\n\t\t<div class=\"edgtf-eh-item-content edgtf-eh-custom-729108\" style=\"padding: 69px 6% 0 0%\">\n\t\t\t<div class=\"edgtf-section-title-holder\" style=\"text-align: right\">\n\t\t\t\t\t\t<h2 class=\"edgtf-section-before-title\" style=\"font-size: 70px\">Song Kieu<\/h2>\n\t\t\t\t<h3 class=\"edgtf-st-title\" style=\"font-size: 40px;color: #303030;font-weight: 600;letter-spacing: 4px\">\n\t\t\t<span>Y\u1ebeN G\u00c3Y T\u1ed4 NGUY\u00caN CH\u1ea4T<\/span>\n\t\t<\/h3>\n\t\t\t\t<p class=\"edgtf-st-text\" style=\"color: #666666;font-size: 14px;line-height: 27px;font-weight: 300\">T\u1ea5t c\u1ea3 t\u1ed5 y\u1ebfn \u0111\u01b0\u01a1\u0323c khai th\u00e1c khi \u0111\u00e3 \u0111\u1ea1t t\u1edbi \u0111\u1ed9 ch\u00edn, gi\u00e0, \u0111\u1ea3m b\u1ea3o dinh d\u01b0\u1ee1ng \u1edf m\u1ee9c cao nh\u1ea5t. Trong qu\u00e1 tr\u00ecnh khai th\u00e1c v\u1eadn chuy\u1ec3n, nh\u1eefng t\u1ed5 y\u1ebfn b\u1ecb g\u00e3y v\u1ee1 s\u1ebd \u0111\u01b0\u1ee3c ph\u00e2n lo\u1ea1i th\u00e0nh Y\u1ebfn g\u00e3y t\u1ed5. Y\u1ebfn g\u00e3y t\u1ed5 c\u00f3 gi\u00e1 th\u1ea5p h\u01a1n so v\u01a1i y\u1ebfn nguy\u00ean t\u1ed5. Y\u1ebfn g\u00e3y t\u1ed5 c\u00f3 s\u1ee3i y\u1ebfn th\u01b0a, s\u1ee3i d\u00e0i kh\u00f4ng \u0111\u1ec1u so v\u01a1\u0301i y\u00ea\u0301n nguy\u00ean t\u00f4\u0309 nh\u01b0ng v\u1ec1 th\u00e0nh ph\u1ea7n dinh d\u01b0\u1ee1ng v\u1eabn \u0111\u1ea3m b\u1ea3o.<\/p>\n\t<\/div>[vc_empty_space height=&#8221;43px&#8221;]<a itemprop=\"url\" href=\"#\" target=\"_blank\" style=\"color: #333333;background-color: #ffffff;border-color: #cccccc\" class=\"edgtf-btn edgtf-btn-medium edgtf-btn-solid\"  >\n    <span class=\"edgtf-btn-text\">XEM TH\u00caM<\/span>\n    <\/a>\t\t<\/div>\n\t<\/div>\n<\/div><div class=\"edgtf-eh-item \" style=\"background-image: url()\" data-item-class=\"edgtf-eh-custom-718673\" data-1280-1600=\"80px 0% 0 8%\" data-1024-1280=\"111px 0% 0 6%\" data-768-1024=\"125px 0% 0 46%\" data-600-768=\"125px 0% 0 33%\" data-480-600=\"127px 0% 0 0%\" data-480=\"127px 0% 0 0%\">\n\t<div class=\"edgtf-eh-item-inner\">\n\t\t<div class=\"edgtf-eh-item-content edgtf-eh-custom-718673\" style=\"padding: 61px 0% 0 8%\">\n\t\t\t[vc_single_image image=&#8221;11500&#8243; img_size=&#8221;full&#8221;]\t\t<\/div>\n\t<\/div>\n<\/div><\/div>[\/vc_column][\/vc_row][vc_row row_content_width=&#8221;grid&#8221;][vc_column]<div class=\"edgtf-elements-holder edgtf-two-columns edgtf-responsive-mode-1024\" ><div class=\"edgtf-eh-item \"  data-item-class=\"edgtf-eh-custom-950529\" data-1024-1280=\"161px 0% 0 16%\" data-768-1024=\"93px 0% 0px 0%\" data-480-600=\"95px 0% 0 0%\" data-480=\"95px 0% 0 0%\">\n\t<div class=\"edgtf-eh-item-inner\">\n\t\t<div class=\"edgtf-eh-item-content edgtf-eh-custom-950529\" style=\"padding: 119px 0% 0 16%\">\n\t\t\t[vc_single_image image=&#8221;11591&#8243; img_size=&#8221;full&#8221;]\t\t<\/div>\n\t<\/div>\n<\/div><div class=\"edgtf-eh-item \"  data-item-class=\"edgtf-eh-custom-169878\" data-1280-1600=\"100px 13% 0 0%\" data-1024-1280=\"139px 10% 0 0%\" data-768-1024=\"80px 19% 0 0%\" data-600-768=\"80px 10% 0 0%\" data-480-600=\"123px 0% 18px 0%\" data-480=\"123px 0% 18px 0%\">\n\t<div class=\"edgtf-eh-item-inner\">\n\t\t<div class=\"edgtf-eh-item-content edgtf-eh-custom-169878\" style=\"padding: 93px 4% 0 0%\">\n\t\t\t<div class=\"edgtf-section-title-holder\" >\n\t\t\t\t\t\t<h2 class=\"edgtf-section-before-title\" style=\"font-size: 70px\">Song Kieu<\/h2>\n\t\t\t\t<h3 class=\"edgtf-st-title\" style=\"font-size: 40px;color: #303030;font-weight: 600;letter-spacing: 4px\">\n\t\t\t<span>CH\u00c2N T\u1ed4 Y\u1ebeN<\/span>\n\t\t<\/h3>\n\t\t\t\t<p class=\"edgtf-st-text\" style=\"color: #666666;font-size: 14px;line-height: 27px;font-weight: 300\">Ch\u00e2n y\u1ebfn hay c\u00f2n g\u1ecdi l\u00e0 ch\u00e2n t\u1ed5 y\u1ebfn l\u00e0 ph\u1ea7n \u0111\u1ebf gi\u00fap c\u1ed1 \u0111\u1ecbnh tai y\u1ebfn s\u00e0o v\u00e0o v\u00e1ch \u0111\u00e1 hay th\u00e0nh nh\u00e0. N\u1ebfu nh\u01b0 ph\u1ea7n t\u1ed5 y\u1ebfn l\u00e0 k\u1ebft c\u1ea5u d\u1ea1ng s\u1ee3i, k\u1ebft d\u00ednh th\u00e0nh l\u1edbp m\u1ecfng th\u00ec ch\u00e2n t\u1ed5 y\u1ebfn th\u01b0\u1eddng l\u00e0 m\u1ed9t kh\u1ed1i kh\u00e1 l\u1edbn v\u00e0 d\u00e0y. Nh\u01b0 v\u1eady, c\u00f3 th\u1ec3 hi\u1ec3u r\u1eb1ng, ch\u00e2n y\u1ebfn l\u00e0 1 ph\u1ea7n c\u1ee7a t\u1ed5 y\u1ebfn.&lt;\/p&gt;\n&lt;p&gt;Quy tr\u00ecnh x\u00e2y m\u1ed9t t\u1ed5 y\u1ebfn l\u00e0 chim y\u1ebfn s\u1ebd x\u00e2y hai ch\u00e2n sao cho v\u1eefng ch\u00e3i v\u00e0 ti\u1ebfp theo \u0111\u00f3 s\u1ebd k\u00e9o s\u1ee3i t\u1eeb ch\u00e2n n\u00e0y qua ch\u00e2n kia t\u1ea1o n\u00ean t\u1ed5 y\u1ebfn. Nh\u01b0 v\u1eady \u0111\u1ec3 gi\u1eef \u0111\u01b0\u1ee3c t\u1ed5 y\u1ebfn th\u00ec ch\u1eafc ch\u1eafn ph\u1ea7n ch\u00e2n y\u1ebfn lu\u00f4n ph\u1ea3i v\u1eefng ch\u1eafc. Do v\u1eady, ph\u1ea7n ch\u00e2n y\u1ebfn c\u00f3 ph\u1ea7n gi\u00e0 h\u01a1n, khi ch\u1ebf bi\u1ebfn y\u1ebfn s\u1ebd dai, th\u01a1m ngon v\u00e0 c\u0169ng c\u1ea7n nhi\u1ec1u th\u1eddi gian h\u01a1n.<\/p>\n\t<\/div>[vc_empty_space height=&#8221;43px&#8221;]<a itemprop=\"url\" href=\"#\" target=\"_blank\" style=\"color: #333333;background-color: #ffffff;border-color: #cccccc\" class=\"edgtf-btn edgtf-btn-medium edgtf-btn-solid\"  >\n    <span class=\"edgtf-btn-text\">Xem th\u00eam<\/span>\n    <\/a>\t\t<\/div>\n\t<\/div>\n<\/div><\/div>[\/vc_column][\/vc_row][vc_row row_content_width=&#8221;grid&#8221;][vc_column]<div class=\"edgtf-elements-holder edgtf-two-columns edgtf-responsive-mode-1024\" ><div class=\"edgtf-eh-item edgtf-horizontal-alignment-right\"  data-item-class=\"edgtf-eh-custom-159814\" data-1280-1600=\"92px 10% 0 9%\" data-1024-1280=\"103px 6% 0 6%\" data-768-1024=\"111px 0% 0 20%\" data-600-768=\"111px 0% 0 10%\" data-480-600=\"123px 0% 0 0%\" data-480=\"123px 0% 0 0%\">\n\t<div class=\"edgtf-eh-item-inner\">\n\t\t<div class=\"edgtf-eh-item-content edgtf-eh-custom-159814\" style=\"padding: 69px 6% 0 0%\">\n\t\t\t<div class=\"edgtf-section-title-holder\" style=\"text-align: right\">\n\t\t\t\t\t\t<h2 class=\"edgtf-section-before-title\" style=\"font-size: 70px\">Song Kieu<\/h2>\n\t\t\t\t<h3 class=\"edgtf-st-title\" style=\"font-size: 40px;color: #303030;font-weight: 600;letter-spacing: 4px\">\n\t\t\t<span>Y\u1ebeN T\u01af\u01a0I<\/span>\n\t\t<\/h3>\n\t\t\t\t<p class=\"edgtf-st-text\" style=\"color: #666666;font-size: 14px;line-height: 27px;font-weight: 300\">Y\u1ebfn t\u01b0\u01a1i l\u00e0 lo\u1ea1i t\u1ed5 y\u1ebfn \u0111\u00e3 \u0111\u01b0\u1ee3c s\u01a1 ch\u1ebf s\u1eb5n, \u0111\u01b0\u1ee3c th\u1ef1c hi\u1ec7n lo\u1ea1i b\u1ecf c\u00e1c ch\u1ea5t b\u1ee5i b\u1ea9n, l\u00f4ng c\u1ee7a chim y\u1ebfn t\u1eeb t\u1ed5 y\u1ebfn th\u00f4. Vi\u1ec7c th\u1ef1c hi\u1ec7n c\u00f4ng \u0111o\u1ea1n n\u00e0y \u0111\u00f2i h\u1ecfi ng\u01b0\u1eddi d\u00f9ng c\u1ea7n ph\u1ea3i t\u1ec9 m\u1ec9, ki\u00ean tr\u00ec v\u00e0 t\u1ed1n kh\u00e1 nhi\u1ec1u th\u1eddi gian v\u00e0 c\u00f4ng s\u1ee9c. Ch\u00ednh v\u00ec v\u1eady m\u00e0 nhi\u1ec1u ng\u01b0\u1eddi th\u01b0\u1eddng mong mu\u1ed1n mua s\u1eb5n s\u1ea3n ph\u1ea9m y\u1ebfn t\u01b0\u01a1i \u0111\u1ec3 c\u00f3 th\u1ec3 s\u1eed d\u1ee5ng \u0111\u01a1n gi\u1ea3n, nhanh ch\u00f3ng.<\/p>\n\t<\/div>[vc_empty_space height=&#8221;43px&#8221;]<a itemprop=\"url\" href=\"#\" target=\"_blank\" style=\"color: #333333;background-color: #ffffff;border-color: #cccccc\" class=\"edgtf-btn edgtf-btn-medium edgtf-btn-solid\"  >\n    <span class=\"edgtf-btn-text\">XEM TH\u00caM<\/span>\n    <\/a>\t\t<\/div>\n\t<\/div>\n<\/div><div class=\"edgtf-eh-item \" style=\"background-image: url()\" data-item-class=\"edgtf-eh-custom-669169\" data-1280-1600=\"80px 0% 0 8%\" data-1024-1280=\"111px 0% 0 6%\" data-768-1024=\"125px 0% 0 46%\" data-600-768=\"125px 0% 0 33%\" data-480-600=\"127px 0% 0 0%\" data-480=\"127px 0% 0 0%\">\n\t<div class=\"edgtf-eh-item-inner\">\n\t\t<div class=\"edgtf-eh-item-content edgtf-eh-custom-669169\" style=\"padding: 61px 0% 0 8%\">\n\t\t\t[vc_single_image image=&#8221;11507&#8243; img_size=&#8221;full&#8221;]\t\t<\/div>\n\t<\/div>\n<\/div><\/div>[\/vc_column][\/vc_row][vc_row row_content_width=&#8221;grid&#8221;][vc_column]<div class=\"edgtf-elements-holder edgtf-two-columns edgtf-responsive-mode-1024\" ><div class=\"edgtf-eh-item \"  data-item-class=\"edgtf-eh-custom-710684\" data-1024-1280=\"161px 0% 0 16%\" data-768-1024=\"93px 0% 0px 0%\" data-480-600=\"95px 0% 0 0%\" data-480=\"95px 0% 0 0%\">\n\t<div class=\"edgtf-eh-item-inner\">\n\t\t<div class=\"edgtf-eh-item-content edgtf-eh-custom-710684\" style=\"padding: 119px 0% 0 16%\">\n\t\t\t[vc_single_image image=&#8221;11473&#8243; img_size=&#8221;full&#8221;]\t\t<\/div>\n\t<\/div>\n<\/div><div class=\"edgtf-eh-item \"  data-item-class=\"edgtf-eh-custom-663610\" data-1280-1600=\"100px 13% 0 0%\" data-1024-1280=\"139px 10% 0 0%\" data-768-1024=\"80px 19% 0 0%\" data-600-768=\"80px 10% 0 0%\" data-480-600=\"123px 0% 18px 0%\" data-480=\"123px 0% 18px 0%\">\n\t<div class=\"edgtf-eh-item-inner\">\n\t\t<div class=\"edgtf-eh-item-content edgtf-eh-custom-663610\" style=\"padding: 93px 4% 0 0%\">\n\t\t\t<div class=\"edgtf-section-title-holder\" >\n\t\t\t\t\t\t<h2 class=\"edgtf-section-before-title\" style=\"font-size: 70px\">Song Kieu<\/h2>\n\t\t\t\t<h3 class=\"edgtf-st-title\" style=\"font-size: 40px;color: #303030;font-weight: 600;letter-spacing: 4px\">\n\t\t\t<span>COMBO Y\u1ebeN S\u00c0O<\/span>\n\t\t<\/h3>\n\t\t\t\t<p class=\"edgtf-st-text\" style=\"color: #666666;font-size: 14px;line-height: 27px;font-weight: 300\">Combo s\u1ea3n ph\u1ea9m g\u1ed3m 50g b\u1ea1ch y\u1ebfn gi\u00e0 t\u1ed5. M\u1ed7i mi\u1ebfng y\u1ebfn t\u01b0\u01a1ng \u1ee9ng v\u1edbi 2 l\u1ea7n d\u00f9ng cho 1 ng\u01b0\u1eddi l\u1edbn. Combo c\u00f3 \u0111\u1ee7 c\u00e1c ph\u1ee5 li\u1ec7u k\u00e8m theo nh\u01b0 \u0111\u01b0\u1eddng ph\u00e8n, t\u00e1o t\u00e0u, nh\u00e3n nh\u1ee5c, h\u1ea1t sen kh\u00f4. Th\u1ed1 s\u1ee9 cao c\u1ea5p, t\u00f4n th\u00eam n\u00e9t sang tr\u1ecdng cho m\u00f3n qu\u00e0 t\u1eb7ng.<\/p>\n\t<\/div>[vc_empty_space height=&#8221;43px&#8221;]<a itemprop=\"url\" href=\"#\" target=\"_blank\" style=\"color: #333333;background-color: #ffffff;border-color: #cccccc\" class=\"edgtf-btn edgtf-btn-medium edgtf-btn-solid\"  >\n    <span class=\"edgtf-btn-text\">Xem th\u00eam<\/span>\n    <\/a>\t\t<\/div>\n\t<\/div>\n<\/div><\/div>[vc_empty_space][\/vc_column][\/vc_row][vc_row css=&#8221;.vc_custom_1611819731112{background-image: url(http:\/\/yensaosongkieuphuyen.vn\/wp-content\/uploads\/2021\/01\/songkieuphuyen395435.png?id=11605) !important;}&#8221;][vc_column]<div class=\"edgtf-elements-holder edgtf-one-column edgtf-responsive-mode-768\" ><div class=\"edgtf-eh-item edgtf-horizontal-alignment-center\"  data-item-class=\"edgtf-eh-custom-531256\" data-1280-1600=\"94px 25% 78px 25%\" data-1024-1280=\"98px 22% 123px 21%\" data-768-1024=\"95px 14% 120px 14%\" data-600-768=\"98px 3% 122px 3%\" data-480-600=\"98px 0% 78px 0%\" data-480=\"98px 0% 78px 0%\">\n\t<div class=\"edgtf-eh-item-inner\">\n\t\t<div class=\"edgtf-eh-item-content edgtf-eh-custom-531256\" style=\"padding: 62px 31% 78px 31%\">\n\t\t\t[vc_column_text]<span style=\"color: #ffffff; font-size: 16px; line-height: 34px; font-weight: 400;\">SONG KI\u1ec0U<\/span>[\/vc_column_text][vc_empty_space height=&#8221;7px&#8221;]<h4 class=\"edgtf-custom-font-holder\" style=\"font-size: 40px;font-weight: 600;text-transform: uppercase;color: #ffffff;margin: 0 0 0 0\" data-font-size=40>\n\tY\u1ebeN S\u00c0O SONG KI\u1ec0U PH\u00da Y\u00caN Y\u1ebeN S\u00c0O NGUY\u00caN CH\u1ea4T 100%<\/h4><div class=\"edgtf-section-title-holder\" >\n\t\t\t\t<p class=\"edgtf-st-text\" style=\"color: #ffffff;font-size: 16px;line-height: 30px;font-weight: 300;margin-top: 11px\">T\u1ea5t c\u1ea3 c\u00e1c s\u1ea3n ph\u1ea9m Y\u1ebfn s\u00e0o Song Ki\u1ec1u \u0111\u01b0\u1ee3c khai th\u00e1c t\u1eeb t\u1ed5 chim y\u1ebfn tr\u00ean \u0111\u1ecba b\u00e0n t\u1ec9nh Ph\u00fa Y\u00ean. Tham kh\u1ea3o ngay h\u00e0ng lo\u1ea1t s\u1ea3n ph\u1ea9m Y\u1ebfn s\u00e0o Song Ki\u1ec1u ch\u00ednh h\u00e3ng, nguy\u00ean ch\u1ea5t 100%.<\/p>\n\t<\/div>[vc_empty_space height=&#8221;36px&#8221;]<a itemprop=\"url\" href=\"#\" target=\"_blank\" style=\"color: #333333;background-color: #ffffff\" class=\"edgtf-btn edgtf-btn-medium edgtf-btn-solid\"  >\n    <span class=\"edgtf-btn-text\">XEM S\u1ea2N PH\u1ea8M<\/span>\n    <\/a>[vc_empty_space]\t\t<\/div>\n\t<\/div>\n<\/div><\/div>[\/vc_column][\/vc_row]<\/p>\n","protected":false},"excerpt":{"rendered":"<p>[vc_row row_content_width=&#8221;grid&#8221;][vc_column][\/vc_column][\/vc_row][vc_row row_content_width=&#8221;grid&#8221;][vc_column][\/vc_column][\/vc_row][vc_row row_content_width=&#8221;grid&#8221;][vc_column][\/vc_column][\/vc_row][vc_row row_content_width=&#8221;grid&#8221;][vc_column][\/vc_column][\/vc_row][vc_row row_content_width=&#8221;grid&#8221;][vc_column][\/vc_column][\/vc_row][vc_row row_content_width=&#8221;grid&#8221;][vc_column][\/vc_column][\/vc_row][vc_row row_content_width=&#8221;grid&#8221;][vc_column][vc_empty_space][\/vc_column][\/vc_row][vc_row css=&#8221;.vc_custom_1611819731112{background-image: url(http:\/\/yensaosongkieuphuyen.vn\/wp-content\/uploads\/2021\/01\/songkieuphuyen395435.png?id=11605) !important;}&#8221;][vc_column][\/vc_column][\/vc_row]<\/p>\n","protected":false},"author":1,"featured_media":0,"parent":0,"menu_order":0,"comment_status":"closed","ping_status":"closed","template":"full-width.php","meta":{"_mi_skip_tracking":false,"footnotes":""},"class_list":["post-8957","page","type-page","status-publish","hentry"],"_links":{"self":[{"href":"https:\/\/yensaosongkieu.com\/index.php\/wp-json\/wp\/v2\/pages\/8957","targetHints":{"allow":["GET"]}}],"collection":[{"href":"https:\/\/yensaosongkieu.com\/index.php\/wp-json\/wp\/v2\/pages"}],"about":[{"href":"https:\/\/yensaosongkieu.com\/index.php\/wp-json\/wp\/v2\/types\/page"}],"author":[{"embeddable":true,"href":"https:\/\/yensaosongkieu.com\/index.php\/wp-json\/wp\/v2\/users\/1"}],"replies":[{"embeddable":true,"href":"https:\/\/yensaosongkieu.com\/index.php\/wp-json\/wp\/v2\/comments?post=8957"}],"version-history":[{"count":31,"href":"https:\/\/yensaosongkieu.com\/index.php\/wp-json\/wp\/v2\/pages\/8957\/revisions"}],"predecessor-version":[{"id":12017,"href":"https:\/\/yensaosongkieu.com\/index.php\/wp-json\/wp\/v2\/pages\/8957\/revisions\/12017"}],"wp:attachment":[{"href":"https:\/\/yensaosongkieu.com\/index.php\/wp-json\/wp\/v2\/media?parent=8957"}],"curies":[{"name":"wp","href":"https:\/\/api.w.org\/{rel}","templated":true}]}}